ppose 5*j - 126 = -3*o + 1424, -5*j - 1025 = -2*o. Calculate the remainder when o is divided by n(7).
42
Let i(f) = -f**3 + 6*f**2 - 8*f + 1. Let h(k) = k**2 + k. Let o(s) = -3*h(s) + i(s). Let j = 12899 + -12903. Calculate the remainder when o(j) is divided by 32.
29
Let y(a) = -5*a**2 + 268*a - 152. What is the remainder when y(52) is divided by 53?
52
Let g be (8 - 7) + 15 - (-2)/(-2). Let l(y) = -y**3 + 18*y**2 - 27*y - 11. Calculate the remainder when l(g) is divided by 26.
25
Let f = 1829 + -1247. Suppose 3*h - 2*r - f = -2*h, -5*r = -h + 121. Let j = 139 - h. What is the remainder when 134 is divided by j?
19
Let t be (294/343)/((-2)/7). Calculate the remainder when 193 is divided by (200 + -2)/(t - -5).
94
Suppose 3*c + 4*n = 44875, -4*c + n + 58995 = -832. Calculate the remainder when c is divided by 55.
52
Let h = -7 + 25. Suppose -z - h = m - 2*m, -5*m - 3*z + 106 = 0. Suppose x - 154 = -5*k + 2*x, -m = 5*x. Calculate the remainder when 57 is divided by k.
27
Let v(p) = p**3 + 11*p**2 - 11*p - 14. Let i be v(-6). Suppose -d + 968 = 4*y - i, 0 = -4*d. Calculate the remainder when y is divided by 43.
42
Suppose 200 = 2*i + 4*f, -205 - 219 = -4*i - 2*f. Let s = -162 - -178. What is the remainder when i is divided by s?
12
What is the remainder when 78 is divided by ((-4977)/948)/(6/(-80))?
8
Let k(a) = 26*a**3 - a**2 + 2*a - 1. Let v = -20078 + 20099. Calculate the remainder when k(2) is divided by v.
18
Suppose -17*w - 6 = -19*w, u + 5*w - 29 = 0. Suppose -2*q = 12*n - u*n + 28, 0 = n - 2*q - 9. What is the remainder when 108 is divided by n?
13
Let q = 16 - -2. What is the remainder when 55 is divided by ((-280)/(-6))/(-7)*q/(-15)?
7
Suppose 6*p + 465 = 1851. Let s = 540 - p. What is the remainder when s is divided by 62?
61
Let r(p) = 7*p - 32. Let q be r(15). Suppose -q = -6*m + 65. Let s = -32 - -75. What is the remainder when s is divided by m?
20
Suppose a = -g - g + 25, -3*a + g = -89. Let v = a + -7. Suppose v = -8*k + 78. What is the remainder when 11 is divided by k?
4
Let t = -8 - -42. Let b = -697 - -1284. Let p = b - 471. Calculate the remainder when p is divided by t.
14
What is the remainder when 32592/126*(-99)/(-11) is divided by 22?
18
Suppose -n + 2*n = 5*k + 44, -3*n - k = -52. Calculate the remainder when n is divided by 4/2*63/18.
5
Let h(r) = -r**3 + 4*r**2 - r + 122. What is the remainder when 5361 is divided by h(0)?
115
Let x be (-1 + 0)/((-1)/(-255)). Calculate the remainder when 4/34 + (-19860)/x is divided by 40.
38
Suppose -4*x = 5*g + 259 + 12, -4*x - 4*g = 276. Let l = 76 - x. Suppose 9*n = 654 - l. What is the remainder when n is divided by 15?
11
Let b = 706 + -709. What is the remainder when (2/b)/((16/555)/(-16)) is divided by 63?
55
Suppose 3*v = 3, -10*v = -p - 5*v + 30. What is the remainder when 124 is divided by p?
19
Let i(c) = -6*c. Let r(q) = q**2 - 14*q - 64. Let v be r(18). Suppose -u = 3*g - 63, 0 = -2*u + 2 - v. What is the remainder when g is divided by i(-2)?
10
Let y = 666 - -215. What is the remainder when y is divided by 15?
11
Suppose 84 = 2*i + 2*i - 3*f, 2*i + 4*f - 42 = 0. Suppose -8*z + 7250 = i*z. Calculate the remainder when z is divided by 43.
35
Calculate the remainder when (1/7*1522)/((-2)/21*-3) is divided by 365.
31
Suppose -42*l + 29*l = 104*l - 35334. Let f = 39 + 37. What is the remainder when l is divided by f?
74
Suppose -3*a = -g + 11, 13*g - 10*g + 3*a - 21 = 0. What is the remainder when g is divided by 3?
2
Let z = 4263 - 4242. Calculate the remainder when 145 is divided by z.
19
Calculate the remainder when (-4)/38 - (-383724)/3249 is divided by 37.
7
Suppose 8*h - 18 = 22. Let w(g) = 6*g**2 + 3*g - 4. Let d be w(h). Suppose d = 7*v - 0*v. Calculate the remainder when 41 is divided by v.
18
Suppose 6*c = 1033 - 3187. Let i = 363 + c. What is the remainder when 103 is divided by i?
3
Let t be ((-12)/10)/(26/10 + -3). Suppose 5*q = g + 2*g + 192, t*g = q - 48. What is the remainder when q is divided by 5 - (-19)/(76/56)?
17
Let g(y) = -y**3 - 104*y**2 - 298*y + 527. What is the remainder when 2242 is divided by g(-101)?
20
Suppose -5*o - 2189 = -0*o + 2*u, -o - 445 = -2*u. Let a = o + 469. What is the remainder when 329 is divided by a?
29
Calculate the remainder when 513 is divided by (-8 + 285/38)*-142.
16
Let j(g) = -g**3 - g**2 + 2*g + 3. Suppose 854*q - 1843 = q - 990*q. Calculate the remainder when j(-2) is divided by q.
0
Let a be 3/(11/(-2) + 3 + 1). Let n be a/(-5)*(18 + 7). Suppose 0 = -7*x + n*x - 96. What is the remainder when 62 is divided by x?
30
Let y = 63 - 41. Let m = y - 18. Calculate the remainder when 26 is divided by 51/6 + 6/m.
6
Let p(j) = j**3 - j**2 - j + 6. Suppose -4*q - 3*t = -205, 4*t = -q + 16 + 45. Suppose -5*m = 34 - q. Calculate the remainder when 166 is divided by p(m).
19
Suppose 1283*x = 1277*x + 834. What is the remainder when 270 is divided by x?
131
Let l(s) = 3*s**2 - 4*s. Let v = 17 + -48. Let y = -33 - v. Calculate the remainder when l(y) is divided by 12.
8
Let q(f) be the third derivative of -f**5/60 + f**4/6 + 11*f**3/3 + 2*f**2 - 39. Calculate the remainder when 196 is divided by q(4).
20
Suppose 4*x - 12 = -5*m + 4, m = -4*x. Let d be (-4)/8*m/(-1). Suppose 2*k + 2*k - 156 = -g, d*k - 4*g = 78. Calculate the remainder when 74 is divided by k.
35
Let c(a) = a**3 + 3*a**2 - 35*a + 61. What is the remainder when c(10) is divided by 11?
10
Calculate the remainder when 526 is divided by -288 - -277 - (0 - 87).
70
Let j be (-1 - 12)*(-3 - 1)/(-1). Let l = j + 118. Calculate the remainder when l is divided by (3/(-3))/((-5)/170).
32
Let y(k) = -k**2 - 3*k - 6. Let g be y(-10). Let d = -61 - g. What is the remainder when 59 is divided by d?
14
Let t(r) be the third derivative of -r**4/24 + r**3/3 - 29*r**2 + 2. Calculate the remainder when 517 is divided by t(-12).
13
Let f(u) = 6*u**2 - 19*u - 13. Let l(d) = -5*d**2 + 17*d + 12. Let n(a) = 4*f(a) + 5*l(a). What is the remainder when 79 is divided by n(8)?
15
Let v = -7085 + 7169. Calculate the remainder when 167 is divided by v.
83
Suppose 0 = -55*i + 24*i + 25885. Calculate the remainder when i is divided by 70.
65
Suppose -505 = -m - 0*h - h, -5*h = -5*m + 2485. Let v(y) = 3*y**3 + 677*y**2 - 907*y + 299. What is the remainder when m is divided by v(-227)?
69
Let i(k) = -k - 5. Let x be 882/30 + 2/(-5). Let l = x + -40. Calculate the remainder when 45 is divided by i(l).
3
Suppose 6*j - 2*j + 0*j = 0. Suppose j = 2*o - 3*n - 24, -3*o + n = 4*n - 51. Let f = 112 - 56. Calculate the remainder when f is divided by o.
11
Let y(s) = -s**3 + 4*s + 4. Let g be y(5). Let i = g + 275. Let l = 310 - i. Calculate the remainder when l is divided by 23.
21
Suppose -157*d + 12778 = -68077. What is the remainder when d is divided by 29?
22
Let f be (-1)/(-2) + (-5)/(-20)*3118. Calculate the remainder when 26 is divided by 2/(-9) + f/108.
5
Let a(r) = 57*r - 3826. Calculate the remainder when a(95) is divided by 53.
52
Let s = -199 + 193. Let c(x) = 2*x + 28. Calculate the remainder when 152/5 - (-9)/15 is divided by c(s).
15
Calculate the remainder when 136 is divided by 48/8 - 8*(3 + -4).
10
Let a = 40 - -20. Let k = a - 96. Let m = k + 74. What is the remainder when m is divided by 10?
8
Suppose -19*q = -19*q + 178*q - 10502. What is the remainder when q is divided by 6?
5
Let i(z) = -3*z + 1. Let u = -59 + 53. Let n be i(u). Let x = 49 - n. Calculate the remainder when x is divided by 11.
8
Suppose 5*b = 2*w - 916, -4*b = -w - 6*b + 431. What is the remainder when w is divided by 206?
31
Let b(u) = -2*u**2 - 313*u - 7543. Let v = 34 + -11. Calculate the remainder when b(-30) is divided by v.
1
Let g = 8642 + -8627. Suppose -m + 12 + 42 = 0. Calculate the remainder when m is divided by g.
9
Calculate the remainder when (-6960)/(-24) - (0 + -10) is divided by 84.
48
Let c(j) = 2*j - 15. Let a = 37 + -74. Let v = a + 61. Calculate the remainder when v is divided by c(11).
3
Let k(y) = y**3 + 33*y**2 - 209*y - 105. Calculate the remainder when k(-38) is divided by 41.
2
Suppose -2*r + 0*r = -264. Suppose 25*s + 25 = 20*s. Let j(i) = -i**3 - 4*i**2 + 2. Calculate the remainder when r is divided by j(s).
24
Let y(l) = -39*l**2 - 414*l + 20. Calculate the remainder when y(-7) is divid